+ 4*v = -114. What is the greatest common divisor of y and 442?
34
Let z(m) = m**3 + 51*m**2 - 141*m + 3. Let u be z(3). Calculate the highest common factor of 539 and u.
11
Let i be -59 + 202 - ((-22)/(-2) + -4). What is the highest common factor of 1241 and i?
17
Let s = -67 + 195. Suppose -43*a - 602 = -50*a. Suppose 4*r + 5*p = 74, a = 5*r - 3*p + 6*p. Calculate the highest common factor of s and r.
16
Suppose -24*k + 8*k + 840 = 4*k. What is the highest common divisor of 3094 and k?
14
Let d(i) = 9*i + 6. Let k be d(-8). Let l = -66 - k. Suppose 3*y - 6 = 0, -4*f + l*f + y = -442. What is the greatest common factor of 37 and f?
37
Let h = 3543 + -2570. What is the highest common divisor of h and 14?
7
Let a(d) = d**2 + 36*d + 160. Suppose 8 = 4*x - 3*v + 154, 0 = -x + v - 37. Let c be a(x). Calculate the greatest common factor of c and 175.
25
Let c(f) = -130*f - 876. Let n be c(-8). Calculate the greatest common divisor of n and 287.
41
Let m = -22 - -31. Suppose 4*y + 14 = -2*f, f + m = 4*y + 26. Let h be f/(-2) - (-6 + (-27)/(-6)). Calculate the highest common divisor of h and 3.
1
Suppose -4*l + 5*q + 805 = 2*q, 91 = -13*q. Suppose -u + 4*b = 2*b - 153, 4*b - 429 = -3*u. What is the greatest common factor of u and l?
49
Suppose 19*l = -2*l + 2814. Suppose -12*o + l = -154. What is the greatest common factor of o and 8?
8
Suppose -14*b + 49 = -13*b. Suppose -41 = -h + b. What is the highest common divisor of h and 15?
15
Let v(c) be the third derivative of c**5/60 - 17*c**4/24 - 5*c**3/6 - 45*c**2. Let o be v(19). What is the highest common divisor of 33 and o?
33
Let c be (-7267840)/(-3328) + (-4)/(-26). Calculate the highest common factor of c and 64.
8
Let o(x) = x**2 + x + 40. Let z be ((-90)/(-25))/(4/(-10)). Let j be o(z). Calculate the highest common divisor of j and 32.
16
Suppose 26 = 5*c - 3*c + 5*b, 2*b = 3*c - 1. Let w be (-26)/(-4) + c/6 - 2. Let y be (10/w)/(-1 - -2). Calculate the highest common divisor of 3 and y.
1
Suppose 146 = 25*v - 597 + 118. What is the highest common divisor of v and 16025?
25
Suppose 5*t - 3*t - o = 1033, 0 = -5*t - 4*o + 2589. What is the greatest common divisor of t and 33?
11
Suppose -6*n + 2*n = -1196. Let q be (-50 - (-24783)/495)*(195 - 0). Calculate the highest common factor of n and q.
13
Let b be 26 + -24 + -7*1 + 129. Let w be 7409/b - 1/(-4). Calculate the highest common divisor of 45 and w.
15
Let y(p) = -p**2 - 5*p - 3. Let h be y(-4). Suppose -5*l = -3*a - 13, -3*a = -5*l + 7*l - 1. Calculate the greatest common factor of l and h.
1
Let s(m) = 8*m + 20. Suppose 5*h - 36 - 14 = 0. Suppose 2*w + 2*z - h = 0, 2*w - 25 = 6*z - 3*z. Let r be s(w). What is the highest common factor of 21 and r?
21
Let t(a) = 6*a + 35. Let j be t(-5). Suppose 2*p - 14 = -b, -3*b - 2*b + 40 = j*p. Calculate the greatest common factor of p and 4.
2
Let v = -12267 + 26417. Calculate the greatest common divisor of v and 10.
10
Let l be (-11 - (-3 - 3398)) + (-3)/(9/(-15)). What is the highest common divisor of l and 175?
35
Let p = -119 - -269. Suppose -p = -3*a + 15. Let x be 72/(-90)*(0 + a/(-2)). Calculate the greatest common divisor of x and 11.
11
Let w = 16 - -14. Suppose 3974*z - 3948*z = 5460. What is the highest common divisor of z and w?
30
Let d = 495 + -351. Suppose 0 = w + 4*r - 512, -4*w + 9*w - 3*r - 2652 = 0. Suppose -30*a - w = -63*a. What is the highest common divisor of d and a?
16
Suppose 43*m = -89*m + 37752. What is the highest common factor of 242 and m?
22
Suppose 3 = 13*k - 36. Suppose 2*h + 3*h = 20, 52 = 5*s + k*h. What is the highest common factor of 18 and s?
2
Let d be 20/2 + -1 - (44 - 91). What is the highest common divisor of d and 1372?
28
Suppose -5*r + 4*r + 19 = 0. Suppose u = -5 + r. Suppose 2 = 4*j - 6. Calculate the highest common factor of u and j.
2
Let j be (-33)/(77/22 - 5). What is the greatest common divisor of j and 9966?
22
Suppose 47*w - 165820 = -19368. What is the highest common divisor of 38 and w?
38
Let p(c) = -2*c**2 - 33*c - 66. Let z be p(-14). Suppose z*m + 4*t = 92, 4*m - 92 = -0*m - 2*t. What is the highest common factor of 391 and m?
23
Suppose 61*p - 10220 = -4319 + 13863. What is the highest common factor of p and 204?
12
Let r = -1 - -3. Let c be r*-1 + 81/3. Let z = -237840 - -237845. What is the greatest common factor of c and z?
5
Let f be 4/10 + 112/70. Suppose 2*g + 3*h + 51 = 0, -3*g + g + 4*h - 58 = 0. Let o = f - g. Calculate the highest common divisor of o and 87.
29
Suppose 11 = 5*q - 159. Let l = -6591 - -6863. Calculate the greatest common divisor of l and q.
34
Let n(h) = h**3 + 9*h**2 + 8*h + 6. Let c be n(-7). Let p(s) = s**2 + 537*s - 2701. Let l be p(5). What is the greatest common factor of l and c?
3
Suppose -180 = -3*o + 5*c, -141*c - 338 = -5*o - 139*c. Calculate the greatest common divisor of 196 and o.
14
Suppose 5*p = 32 + 28. Let u be (p/(-14))/(18/(-63)). Suppose u*q = -q - 8, 0 = 4*h - q - 762. Calculate the greatest common divisor of 19 and h.
19
Suppose -x - 50*n + 6665 = -55*n, 0 = 5*x + n - 33325. Calculate the highest common factor of 5 and x.
5
Let g(l) = -128*l + 326. Let b be g(2). Calculate the highest common divisor of 12565 and b.
35
Let z be (19 - -1)/((-22)/(-77)). Suppose -47*p = -43*p. Let a be (1 - p)*(-1 + -3 - -18). Calculate the greatest common factor of z and a.
14
Let n be (-44)/(-14) - (-1)/(-7). Suppose -i - x = -33, -i - n*x + 39 = -0*x. Calculate the highest common divisor of 70 and i.
10
Let u(z) = -9*z**2 + 11*z - 16. Let d(m) = 5*m**2 - 6*m + 8. Let q(l) = -5*d(l) - 3*u(l). Let p be q(4). Calculate the highest common factor of p and 28.
28
Suppose -24*z + 29*z = 740. Suppose -13 = 3*q - z. Suppose -18*x - q = -603. What is the highest common factor of x and 31?
31
Let l = -9182 - -9220. Calculate the greatest common divisor of 2242 and l.
38
Let z be 3 + -4 + 1 + 22 + 2. Let u be z/(-2 - 6/(-2)). Suppose 3*n + y = -37 + 101, -n + y + u = 0. What is the greatest common factor of n and 110?
22
Let o = 14479 + -14417. What is the highest common factor of o and 26?
2
Let v(u) = -u**3 - u**2 + 15*u + 6. Let q be v(-4). Let y(m) = 7*m + 52. Let b be y(q). Calculate the greatest common divisor of b and 120.
10
Suppose -6*i + 52 = -146. Suppose -i*a + 2190 = -23*a. Calculate the greatest common divisor of 73 and a.
73
Let z(x) = x**2 + 9*x + 4. Let n be z(-7). Let s be (-3 - n)*(1 - -9). Let w be 532/s - (-4)/10. Calculate the greatest common divisor of 8 and w.
8
Let g be (16/28)/(228/224 - 1). What is the greatest common factor of g and 20704?
32
Let q = 54 - 56. Let u(m) = 7*m**2 + 6*m - 1. Let b be u(q). Let o = -13 + b. What is the highest common factor of 4 and o?
2
Suppose 38 = 2*p - 2*d, -70*p - 67 = -75*p - 2*d. Let w be -3*(0 + 1)*-1. Suppose w*a - 6*a = -30. What is the greatest common divisor of a and p?
5
Let w = -4243 + 4266. Calculate the greatest common factor of w and 13271.
23
Let p be (-17)/((-1785)/111570) - -14 - 4/7. Calculate the greatest common factor of 10 and p.
2
Let k(i) = 4*i**2 + 5*i - 103. Let a be k(-7). Suppose a*x = 38*x + 40. Calculate the greatest common factor of 9 and x.
1
Let q = 7717 - 7600. Calculate the highest common factor of 1235 and q.
13
Let c be 48/(-24) + (-37)/(-1). Let m = -11 + c. Let f(a) = 2*a. Let z be f(6). Calculate the highest common factor of m and z.
12
Suppose -38*b + 43*b - 120 = 0. Suppose -b - 9 = -r. Calculate the greatest common factor of 88 and r.
11
Let d = 561 + -399. Suppose d = -126*x + 132*x. Calculate the greatest common divisor of 36 and x.
9
Suppose 118 = 5*n + 3*i, 38*n - 428 = 16*n + 2*i. What is the greatest common divisor of 2570 and n?
10
Let z = 394 + -338. Let r be z/(-2)*(-82)/164. Calculate the greatest common divisor of 2 and r.
2
Suppose -20*o + 12 = -18*o. Suppose -4*t = 3*j - 12, -3*j + 3*t = 4*t - 12. Let n be (1/j*-2)/(4/(-48)). Calculate the highest common divisor of n and o.
6
Let v(r) = -48*r - 927. Let f(l) = 3*l + 58. Let i(w) = 66*f(w) + 4*v(w). Let p be i(36). Calculate the highest common factor of p and 42.
42
Let c be (12/22)/(2/44). Suppose -c*s + 3219 = 25*s. What is the greatest common divisor of s and 783?
87
Suppose -2*z - 34*w = -29*w - 22, 4*w = -4*z + 68. Suppose 0 = -5*k + 23 + 17. Let x b